digit of x?
6
Let c = 720 + 245. What is the tens digit of c?
6
Suppose -3*u + 3 + 24 = -3*b, 28 = 2*u - 4*b. What is the units digit of 13860/182 + u/(-26)?
6
Suppose 0 = 5*a - 105 - 150. Suppose 3*s + 6 = a. What is the tens digit of s?
1
Let x(n) = 14*n**2 - 96*n + 19. What is the hundreds digit of x(15)?
7
Suppose -49 - 7 = 4*q. Let a(g) be the third derivative of -g**4/24 + g**3/3 + 12*g**2. What is the units digit of a(q)?
6
Suppose -2*b + 36 = 4*b. Suppose -5*v + b = -4. What is the units digit of v?
2
Let g(h) = -4*h - 17. Let b be g(-8). Suppose 20*v = b*v + 45. What is the units digit of v?
9
Suppose -5*t = 2*s - 5459, -40*t + 5468 = -35*t - s. What is the hundreds digit of t?
0
Let z = 17 - 17. Suppose z = 3*i - 8*i + 475. Suppose p = -4*p + i. What is the tens digit of p?
1
Let m(d) be the third derivative of d**5/60 - 7*d**4/12 - d**3 + 10*d**2. What is the units digit of m(-7)?
1
Suppose -4824 = -3*n + 3*p, -2*n - 2*p + 1405 + 1815 = 0. What is the hundreds digit of n?
6
Let l(b) = -b**2 + 16*b + 1731. What is the hundreds digit of l(0)?
7
Let h(r) = -17*r**2 - 2*r + 3. Let q(d) = -18*d**2 - 2*d + 3. Let o(w) = -4*h(w) + 3*q(w). What is the units digit of o(4)?
9
Let i = -276 + 935. What is the tens digit of i?
5
Let k(x) = -504*x - 567. What is the hundreds digit of k(-8)?
4
Let t = -2080 - -3503. What is the tens digit of t?
2
What is the tens digit of -27 - -2071 - (-18)/2?
5
Let y(k) = k**2 - 4*k + 2. Let j be y(2). Let m(z) = 86 - z**3 - 42 - 47. What is the units digit of m(j)?
5
Let z = -48 + 67. Suppose 4*a + 5*s = -85, 4*a = -4*s + 27 - 107. Let x = a + z. What is the units digit of x?
4
Let q = 56 + -59. Let c(m) = -8*m**3 - 2*m**2 - 1. What is the units digit of c(q)?
7
Suppose 40*d - 264 = 36*d - 5*b, 5*d = -4*b + 321. What is the units digit of d?
1
Let i = 699 + 1781. What is the thousands digit of i?
2
Suppose a - 195 = 4*f, -2*a + 2*f + 939 = 3*a. Let d = a - -18. What is the hundreds digit of d?
2
Suppose -5*u + 5*h - 3*h + 67 = 0, -2*u = h - 34. Let b(x) = -2 - 2*x + 0*x + u*x. What is the units digit of b(1)?
1
Let p(q) = 8 - 5 - 9*q - 2 + 6. Let f be p(-6). Suppose 187 = 3*k + 2*x + f, 217 = 5*k + x. What is the tens digit of k?
4
Let l(s) = -16*s - 24. Let w be l(-11). Suppose 2*p + 29 = j, 4*j = 3*p - 4*p + w. What is the tens digit of j?
3
Suppose 0 = n - 3*h - 77 - 88, n - 5*h - 157 = 0. What is the hundreds digit of n?
1
Let g(a) = a**3 - 11*a**2 + 9*a + 14. Suppose 3*c = 5*t - 62, 5*c = 5*t - 51 - 19. Let d be g(t). Suppose -d = -0*m - 2*m. What is the units digit of m?
2
Suppose -40 = 6*m - 8*m. Let l = m + 11. Suppose s - 5 - l = 0. What is the units digit of s?
6
Let a(p) = -p**2 + 11*p - 1. Let u(j) = -j**3 + 4*j**2 + 2. Let f be u(3). Let x be a(f). Let n(i) = 6*i**2 + 2*i + 1. What is the units digit of n(x)?
5
Suppose 0 = -36*d + 20*d + 31520. What is the thousands digit of d?
1
Suppose 2*w - 440 - 342 = -3*m, -m - 1151 = -3*w. What is the hundreds digit of w?
3
Suppose -5*r + 4*c = 51, -2*r - 3*r - 5*c = 15. What is the units digit of 2/r - (-864)/84?
0
Let q be ((-3)/(-4))/((-5)/(46 - 6)). What is the tens digit of 1076/8 - ((-15)/q - 3)?
3
Let k be (9/(-6))/(2/268). Let q = -139 - k. Suppose -4*x + 2*d + 0*d + q = 0, 4*x - 64 = 4*d. What is the tens digit of x?
1
Suppose -3*o = -2*y + 581, 0*y + 5*o + 1159 = 4*y. What is the hundreds digit of y?
2
Let r = -14 + -5. Let g = r + 21. What is the units digit of g?
2
Let l(x) = 24*x**2 - 3*x - 3. What is the units digit of l(8)?
9
Suppose -z = -2*d - 1166, -4*d = 7*z - 3*z - 4628. What is the hundreds digit of z?
1
Suppose a - 4*d - 129 = 206, -4*d - 1400 = -4*a. Suppose 3*c - a = -31. Suppose 0 = -2*l, 2*l + c = 3*w + w. What is the units digit of w?
7
Let t be 3/(-5) - (11 + 2331/(-35)). Let o(x) = 23*x**2 - x. Let l be o(-3). Suppose 5*c - l = t. What is the units digit of c?
3
Let w(d) = -2*d**3 - 2*d**2 + 40*d - 51. What is the thousands digit of w(-13)?
3
Suppose -4*v + 110 = 30. Let p(k) = k**2 - 12*k + 2. What is the hundreds digit of p(v)?
1
Let v(j) = 192*j + 1. What is the units digit of v(2)?
5
Suppose -l - 4*d - 3 = -3*d, 5*d + 16 = -4*l. Suppose -3*b - 2*p = -0*b - 29, -l = -3*b + 5*p. What is the units digit of b?
7
What is the units digit of 658/188*(2 - 8364/(-14))?
8
Suppose -137960 = -43*c + 3*c. What is the units digit of c?
9
Let r be -2 + -1 + (17 - 1). Let f = 13 - r. Let b = f - -12. What is the units digit of b?
2
What is the hundreds digit of (-30)/9*(-13)/(13/84)?
2
Suppose 0 = 8*h + h - 3897. Suppose -t + 80 + 371 = 4*j, 4*j = 5*t + h. What is the units digit of j?
2
Suppose -x - 2*x + 9 = 0, -3*f - 2*x + 21 = 0. Suppose 0 = 2*i - 6, -2*o - 2*i - 48 = -f*o. Suppose -z = -o + 2. What is the tens digit of z?
1
Let s(p) = 34*p - 10. Let d be s(9). Let b = d + -194. Suppose -z = z - b. What is the tens digit of z?
5
Suppose 4*c = 2*f + 8, -2*f - 4 + 0 = -2*c. Suppose f = 6*l - 17*l + 814. What is the tens digit of l?
7
Let z(g) = 59*g - 35. What is the tens digit of z(10)?
5
Let t = 384 - -555. What is the tens digit of t?
3
Suppose -76 + 92 = 4*d. Suppose -153 = -d*k + 143. What is the tens digit of k?
7
Let m(c) be the first derivative of 4 - 1/2*c**2 + 29*c. What is the tens digit of m(0)?
2
What is the hundreds digit of (1011 - (-88)/8) + 0?
0
What is the tens digit of (-319)/(-1) + (-18)/3?
1
Let t = -945 + 2467. What is the units digit of t?
2
Suppose 0 = -i - 4*i + 20. What is the units digit of (6/i)/(2/(536/6))?
7
Let a be 3 + -5 + 3 - -2. Let h(u) = u + 8. Let b be h(-11). What is the units digit of 8/(-36)*a*b?
2
Suppose 20*s + 5*q - 728 = 17*s, -q + 1228 = 5*s. What is the units digit of s?
6
Let d(f) = -f**3 - 4*f**2 - f**3 - 127 - 4*f**2 + 126. What is the hundreds digit of d(-6)?
1
Let o(n) = 5*n**2 + 3*n + 6. Let b be (-8)/3*(15/10 + -3). What is the units digit of o(b)?
8
Let w be ((-1)/(-2))/(2/(-300)). Let z = -2 - w. What is the tens digit of z?
7
What is the tens digit of (-70)/175 + (-982)/(-5)?
9
Suppose 2*v - 3*c + 7 - 18 = 0, 0 = 5*v + 4*c - 16. Suppose r - 33 = 51. Suppose -4*b + 4*g = -r, b - 10 = v*g + 23. What is the units digit of b?
7
Suppose 3*g - p = 13, 4*p + p = 10. Suppose u + 4 = v, 2*v - g*u = -2*v + 18. Suppose c + 3 = 0, v*b = -c - 4*c + 3. What is the units digit of b?
9
Let z = 5090 + -2254. What is the hundreds digit of z?
8
Let i(m) = -m**3 - 9*m**2 - 9*m - 9. Suppose -54 = 2*q + 4*q. What is the units digit of i(q)?
2
Suppose g + 5 = 0, -5*v - 9 - 26 = 3*g. Let j be 8/3*(1 + v). What is the units digit of 9*2/j*-4?
9
Let k = 23 - 14. Let h = k + -19. What is the units digit of 2/h + (-105)/(-25)?
4
Let u = -17 - -31. Suppose 0 = -5*p + 12*p - 91. Let g = u - p. What is the units digit of g?
1
Let c(j) = 47*j**2 + 3*j - 3. What is the tens digit of c(-3)?
1
Let n(r) = -r**2 + 7*r. Let t = -9 - -16. Let a be n(t). Suppose -2*g - g + 36 = a. What is the units digit of g?
2
Let y be 3*((-26)/(-3) + -2). Let w = 147 + -159. Let t = y + w. What is the units digit of t?
8
Suppose 0 = -w - 5*b + 1 + 38, 3*w = 5*b + 57. Suppose -r - 4*u = -6, 6*u - w = -2*r + u. What is the units digit of r?
2
Let c = -206 - -112. Let h = 262 + c. What is the hundreds digit of h?
1
Suppose -5*k - i + 657 + 2654 = 0, -k - 2*i + 664 = 0. What is the hundreds digit of k?
6
Suppose -3 = o, 2*o = -x + 2*x - 379. What is the hundreds digit of x?
3
What is the units digit of (-3 + 4)/(8/3760)?
0
Let t = -607 - -1107. What is the hundreds digit of t?
5
Let g = 343 + 81. Let k = g - 215. What is the tens digit of k?
0
Let b(j) = -145*j**3 - 2*j**2 + 20*j + 48. What is the thousands digit of b(-3)?
3
Suppose n = 4*n - 3. Suppose -j + 2 = o, -9 - n = o + 4*j. Suppose o*q - 3 = 3*q. What is the units digit of q?
1
Suppose 10*f - 8*f - 234 = 0. Suppose -3*h = 2*m - 239, 2*m = m - h + f. What is the tens digit of m?
1
Suppose 3*l - 1796 = -4*y, -7*y + 2*y + 4*l + 2214 = 0. What is the tens digit of y?
4
Suppose -5*q = -2*q + 324. Suppose 187 - 41 = -2*r. Let x = r - q. What is the units digit of x?
5
Suppose -3*m + 6 + 3 = 0. Let z = m + 12. What is the tens digit of z?
1
Suppose -213 = -34*l + 25. What is the units digit of l?
7
Suppose 6*f = f + 695. What is the units digit of f?
9
Let i(t) be the third derivative